is divided by 554?
546
What is the remainder when 32349234 is divided by 149?
142
What is the remainder when 20680923 is divided by 344?
331
Calculate the remainder when 1889219 is divided by 69970.
29
Calculate the remainder when 133036 is divided by 8868.
16
Calculate the remainder when 2767657 is divided by 922540.
37
Calculate the remainder when 152245 is divided by 1927.
12
Calculate the remainder when 335298 is divided by 167386.
526
Calculate the remainder when 1854126 is divided by 17658.
36
What is the remainder when 2197430 is divided by 5195?
5140
Calculate the remainder when 2668230 is divided by 730.
80
Calculate the remainder when 1797488 is divided by 5035.
5028
Calculate the remainder when 71268 is divided by 70710.
558
Calculate the remainder when 9172060 is divided by 54.
52
What is the remainder when 232738 is divided by 77176?
1210
Calculate the remainder when 4773309 is divided by 5609.
50
Calculate the remainder when 4901941 is divided by 5514.
5509
Calculate the remainder when 3214082 is divided by 3214078.
4
What is the remainder when 21026 is divided by 555?
491
What is the remainder when 7182033 is divided by 3796?
1
What is the remainder when 48063928 is divided by 87?
82
Calculate the remainder when 51910 is divided by 866.
816
Calculate the remainder when 115164299 is divided by 3727.
3726
Calculate the remainder when 53319992 is divided by 182.
180
Calculate the remainder when 588959 is divided by 697.
691
Calculate the remainder when 51132646 is divided by 2702.
2700
Calculate the remainder when 6211678 is divided by 690178.
76
What is the remainder when 4174594 is divided by 2196?
2194
What is the remainder when 27144136 is divided by 714?
712
What is the remainder when 29121349 is divided by 14560664?
21
What is the remainder when 11190871 is divided by 2674?
181
What is the remainder when 119802 is divided by 832?
826
Calculate the remainder when 792929 is divided by 198175.
229
Calculate the remainder when 5541139 is divided by 1715.
1689
What is the remainder when 477221 is divided by 159073?
2
Calculate the remainder when 130699155 is divided by 74.
59
What is the remainder when 9219290 is divided by 560?
10
What is the remainder when 22740 is divided by 2983?
1859
Calculate the remainder when 8275 is divided by 5421.
2854
Calculate the remainder when 564086 is divided by 1711.
1167
Calculate the remainder when 70616322 is divided by 70616313.
9
Calculate the remainder when 2785393 is divided by 15474.
73
What is the remainder when 14204267 is divided by 3386?
3383
What is the remainder when 158617 is divided by 2824?
473
Calculate the remainder when 3092143 is divided by 3092137.
6
Calculate the remainder when 16333084 is divided by 1088872.
4
What is the remainder when 31584302 is divided by 289764?
26
Calculate the remainder when 4193133 is divided by 31.
11
Calculate the remainder when 430051 is divided by 214910.
231
What is the remainder when 114755 is divided by 361?
318
What is the remainder when 456833 is divided by 34?
9
Calculate the remainder when 49156236 is divided by 317.
314
Calculate the remainder when 616188 is divided by 1281.
27
What is the remainder when 370222054 is divided by 2555?
2554
What is the remainder when 237230 is divided by 1455?
65
Calculate the remainder when 163001320 is divided by 2829.
2827
Calculate the remainder when 1758762352 is divided by 1193.
1190
Calculate the remainder when 741905 is divided by 92599.
1113
Calculate the remainder when 11175067 is divided by 1434.
1339
Calculate the remainder when 1387174 is divided by 693549.
76
Calculate the remainder when 1162093 is divided by 129121.
4
Calculate the remainder when 2864955 is divided by 956.
779
Calculate the remainder when 24970 is divided by 3406.
1128
What is the remainder when 45370969 is divided by 38?
33
Calculate the remainder when 115851 is divided by 38.
27
What is the remainder when 45084142 is divided by 763?
761
Calculate the remainder when 1365765555 is divided by 241.
239
Calculate the remainder when 5265845 is divided by 1205.
1200
What is the remainder when 31973 is divided by 771?
362
Calculate the remainder when 7217542 is divided by 1917.
37
Calculate the remainder when 31098 is divided by 2795.
353
Calculate the remainder when 5338617 is divided by 2669022.
573
What is the remainder when 6376360 is divided by 637636?
0
Calculate the remainder when 395080 is divided by 239.
13
What is the remainder when 932758 is divided by 3550?
2658
Calculate the remainder when 193195 is divided by 4407.
3694
Calculate the remainder when 71039 is divided by 413.
3
Calculate the remainder when 14972231 is divided by 7486090.
51
Calculate the remainder when 10769876 is divided by 11835.
26
Calculate the remainder when 625071 is divided by 10789.
10098
Calculate the remainder when 202602 is divided by 5242.
3406
Calculate the remainder when 7222065 is divided by 118390.
275
What is the remainder when 73412 is divided by 539?
108
Calculate the remainder when 44851123 is divided by 655.
653
What is the remainder when 765734 is divided by 109390?
4
What is the remainder when 1200860 is divided by 1446?
680
Calculate the remainder when 1848789 is divided by 952.
5
What is the remainder when 14947 is divided by 408?
259
Calculate the remainder when 62747178 is divided by 35.
18
What is the remainder when 8654851 is divided by 349?
0
What is the remainder when 381760 is divided by 54482?
386
Calculate the remainder when 3393701 is divided by 68.
25
Calculate the remainder when 16659837 is divided by 640.
637
Calculate the remainder when 61114978 is divided by 243.
235
What is the remainder when 1830137 is divided by 41584?
441
Calculate the remainder when 2365492 is divided by 2462.
1972
What is the remainder when 3648010 is divided by 1823998?
14
Calculate the remainder when 16085278 is divided by 140.
118
What is the remainder when 1212508 is divided by 4508?
4364
Calculate the remainder when 569933 is divided by 74.
59
Calculate the remainder when 3113 is divided by 868.
509
Calculate the remainder when 2537626 is divided by 26996.
2
What is the remainder when 3215345 is divided by 1070982?
2399
Calculate the remainder when 26402968 is divided by 11.
9
Calculate the remainder when 1960541 is divided by 1960431.
110
Calculate the remainder when 5849919 is divided by 1949973.
0
What is the remainder when 3379359 is divided by 130?
9
What is the remainder when 739631 is divided by 3244?
3243
Calculate the remainder when 47061553 is divided by 980.
973
Calculate the remainder when 2346078 is divided by 35015.
73
Calculate the remainder when 1092060 is divided by 680.
660
Calculate the remainder when 3014489 is divided by 1004827.
8
Calculate the remainder when 1181459 is divided by 1180782.
677
Calculate the remainder when 42448965 is divided by 6.
3
Calculate the remainder when 4032132 is divided by 4032120.
12
What is the remainder when 2403169 is divided by 816?
49
Calculate the remainder when 100212 is divided by 3111.
660
What is the remainder when 34761320 is divided by 96?
8
Calculate the remainder when 1118863 is divided by 88.
31
What is the remainder when 122437 is divided by 30439?
681
Calculate the remainder when 48865984 is divided by 424.
408
Calculate the remainder when 54418522 is divided by 6083.
4
Calculate the remainder when 2150702 is divided by 652.
406
What is the remainder when 335138 is divided by 492?
86
What is the remainder when 147222 is divided by 856?
846
Calculate the remainder when 573179 is divided by 95459.
425
Calculate the remainder when 5385760 is divided by 134644.
0
What is the remainder when 1301066 is divided by 32?
10
What is the remainder when 13926725 is divided by 18?
17
What is the remainder when 24567785 is divided by 116435?
0
What is the remainder when 3078725 is divided by 1026107?
404
Calculate the remainder when 3167022 is divided by 34053.
93
What is the remainder when 59050 is divided by 8368?
474
Calculate the remainder when 11059504 is divided by 4349.
4346
What is the remainder when 296735 is divided by 1578?
71
What is the remainder when 60878522 is divided by 1739386?
12
Calculate the remainder when 9014 is divided by 7521.
1493
What is the remainder w